units digit of y(a)?
6
Let o(r) = r**2 - 13*r + 31. Let v be o(10). Suppose b - v = 3. Suppose -14*k + 1926 = b*k. What is the hundreds digit of k?
1
What is the units digit of (267000/45)/10 + (-1)/3?
3
Let u(n) = -8*n + 11. Let i = -47 + 35. Let l be 5 + -2 + i - 0. What is the units digit of u(l)?
3
Let v(o) = o**2 + 9*o + 11. Let f be v(-8). Suppose -3*a = x - 1253, f*a - 4976 = -0*x - 4*x. What is the thousands digit of x?
1
Let k(m) = -8*m**3 - 3*m**3 - 7 + 12*m**3 + 8*m**2 + 2*m + 3*m. Let x be k(-5). Let l = -39 + x. What is the units digit of l?
4
Suppose -3*t - 8723 = -4*c, -c - 6*t = -t - 2175. What is the tens digit of c?
8
What is the hundreds digit of 28279 + (-8 - -9 - -18)?
2
Suppose -2*a + 2*w + 20366 = 0, 50442 = 5*a - 2*w - 488. What is the ten thousands digit of a?
1
Let y be (3 - 5) + 73 - 2. Suppose -y*g = -63*g - 3636. What is the hundreds digit of g?
6
Suppose -c - 7*a = -5*a - 5751, -a + 3 = 0. What is the thousands digit of c?
5
Let v(z) be the first derivative of 3*z**4/4 + 5*z**3/3 - 3*z - 9. Let x be v(-2). Let j(k) = 2*k**2 - 9*k - 38. What is the hundreds digit of j(x)?
1
Let q(j) = 7*j**2 - 45*j + 44. What is the units digit of q(12)?
2
Let r = -654 - -654. What is the thousands digit of -8 + 4 + r + 8760/8?
1
Suppose 2*p - 2*j + 16 = -2*p, 2*j = 8. Let b be 116/28 - p/(-14). Suppose 3*d - 82 = d + b*c, 3*d + c - 130 = 0. What is the tens digit of d?
4
Suppose 2600 - 8939 - 41313 = -6*n. What is the units digit of n?
2
Suppose 107*b = 89*b + 9882. What is the units digit of b?
9
Let h(w) = w**2 - 11*w - 9. Let v be h(12). Let d(g) = 3*g + 1 - 7*g + v*g + 5*g. What is the units digit of d(4)?
7
Let y(n) = -42*n - 288. Let o(j) = -4*j**2 + 9*j + 21. Let d be o(4). What is the units digit of y(d)?
6
Suppose -80*x + 93*x = -10738. Let p = x + 1551. What is the hundreds digit of p?
7
Suppose 0 = -4*l + 6*l - 3*g - 19, g = -4*l + 59. Let j(y) = y**2 + 5*y + 5. Let c be j(l). Let z = 488 - c. What is the tens digit of z?
1
Let c(o) = 13*o**2 - 6*o + 24. Let i be c(6). Let z(j) = -j**2 - 8*j. Let f be z(-9). What is the units digit of (-4)/6 - i/f?
0
Let g be 97 + (-2 + 3 - -1). Let z be (327/9*3)/1. Let f = z + g. What is the tens digit of f?
0
Let m(z) = 26*z + 116. Let w be m(-5). What is the tens digit of (-27)/45 + w*(-14)/10?
1
Suppose 238480 = 61*l - 21197. What is the units digit of l?
7
Let k = 22744 - 11650. What is the tens digit of k?
9
Suppose 7*v = -9*v + 4864. Suppose 122*w = 130*w - v. What is the units digit of w?
8
Suppose -2*d = 19*d - 33453. What is the units digit of d?
3
Let i be (-18)/63 + (-57)/21 + 13. Suppose -16*o = -i*o - 5862. What is the hundreds digit of o?
9
Let v = 198 - 46. Let n = v + -76. Suppose 0 = 4*q - n - 212. What is the tens digit of q?
7
Suppose 149*w - 192*w + 471237 = 0. What is the thousands digit of w?
0
Let w(g) be the first derivative of 3*g**2/2 - 31*g + 36. Let m be w(11). Suppose m*b - 12 = 2*o + 6, o = 2*b - 19. What is the tens digit of b?
1
Let g(z) = 1815*z - 622. What is the units digit of g(17)?
3
Suppose 39 = 27*z - 26*z. Let x = z + 869. What is the units digit of x?
8
Suppose w + 123 = 126. What is the units digit of 11*w/6*92?
6
What is the units digit of 2152/(0 + -1 - (-33)/22)?
4
Suppose 103*c = -8*c + 998001. What is the tens digit of c?
9
Suppose s = 4*l + 69034, -4*l - 13 = 7. What is the hundreds digit of s?
0
Let w be 964/(2/(-3 + 4)). Suppose -20 = -4*g, 4*g - 162 + w = 4*f. What is the units digit of f?
5
Let m be (-3596)/(-6)*(40/4 - 7). Suppose 396 = -5*h + 4*t + m, -3*t = 4*h - 1134. What is the hundreds digit of h?
2
Let a(z) = z**3 - 10*z**2 + 8*z - 64. Let r be a(10). Suppose r*y - 609 = 9*y. What is the tens digit of y?
8
Let j = 11336 - 6827. What is the tens digit of j?
0
Let q be 824/18 + 38/171. What is the tens digit of (-47 - -1)/(q/(-529))?
2
Suppose 2*w - 7134 = -5*j, 3*j - w - 3484 = 803. Suppose -4*f + 5*k + j = -0*f, 5*f = -3*k + 1785. What is the hundreds digit of f?
3
Suppose -5*a - 3*s = -136, -4*a + 84 = 3*s - 26. Let j(x) = -56 + 18*x**2 + 0*x**2 - x**3 + 43 + a*x. What is the tens digit of j(19)?
2
Let f = 68 - 66. Suppose 0 = 2*k + 8, -14 = f*t - k - 70. What is the hundreds digit of 10/(-65) - (-3358)/t?
1
Let j(h) = h**3 - 4*h**2 - 10*h + 25. Let t be j(5). Suppose -6*o + 890 + 3058 = t. What is the hundreds digit of o?
6
Let r(m) = -m + 19. Let d be r(3). What is the tens digit of 5820/d - 4/(-16)?
6
Suppose 6*b + 27779 = 5*a, 3*a - 28*b = -25*b + 16665. What is the tens digit of a?
5
Suppose 30*y = 33*y + 5*x - 14635, 19520 = 4*y + 5*x. What is the thousands digit of y?
4
Suppose 0 = w + 5*j - 425, -7 = 4*j + 5. Let m = w + 1086. Suppose -5*n - 9*n = -m. What is the units digit of n?
9
Let m = -7 - -12. Suppose -29 - 11 = -m*h. What is the hundreds digit of (52/h)/(2/76)?
2
Let s(d) = -3*d - 20. Let w(z) be the third derivative of 7*z**4/24 + 13*z**3/2 + 4*z**2. Let x(q) = -5*s(q) - 3*w(q). What is the units digit of x(-11)?
9
Let u(t) = -t**2 - 13*t - 23. Let p be u(-10). Suppose 2*o + p = o - 2*n, 0 = -3*o + n. What is the units digit of o/((-2)/(-11)*1/(-2))?
1
Let p be -1 - (-8)/2 - 3 - -3. Let l = -16 + 23. Suppose p*v = l*v - 412. What is the units digit of v?
3
Let v(b) = -b**2 - 39*b - 36. Let y be v(-38). Suppose 4*g - 3*w = 1597, -y*w = -g + 2*w + 383. What is the tens digit of g?
0
Suppose -30*r + 382578 + 30672 = 0. What is the thousands digit of r?
3
Let k be -5 - (-1 - 1) - (-8)/1. Suppose k*h = -c + h + 384, -4*c = 3*h - 1588. What is the units digit of c?
0
Let n(p) = 12*p**2 - 46*p + 3. What is the units digit of n(-17)?
3
Let b be 3 + 4/(-1) + -202. Let a = -47 - b. What is the tens digit of a/9*(2 - 2/4)?
2
Let h = 89 + -38. Let y = 449 - 238. Suppose -y = -4*c - h. What is the tens digit of c?
4
Let l(w) = 4*w**3 + 66*w**2 - 22*w - 52. What is the tens digit of l(12)?
0
Let v = 20 - -14. Suppose v*j + 12 = 35*j. Suppose 0 = -j*t - t + 2379. What is the tens digit of t?
8
Let x(j) = 10*j - 30. Let m(v) be the third derivative of v**5/60 - 3*v**4/8 + v**3/3 - 3*v**2. Let y be m(10). What is the units digit of x(y)?
0
Let u(p) = 273*p**2 + 9*p + 23. Let z be u(-4). Suppose 13*n - z - 4615 = 0. What is the hundreds digit of n?
6
What is the units digit of 144567/18 + 6/(-4)?
0
Suppose 35 + 140 = 5*f. Let o = 42 - f. Suppose 16*v - o*v = 1476. What is the tens digit of v?
6
Let l(w) = 3492*w - 134. What is the units digit of l(1)?
8
Suppose 5*k - 39 + 29 = 0. Suppose -k*i = -a + 2 + 17, 0 = 5*a - 5*i - 120. What is the tens digit of a?
2
Let o = 9025 - -10783. What is the thousands digit of o?
9
Let q(d) = 16*d**3 - d + 4. Let w be q(2). Suppose 2*p + w = 4*p. Suppose -p + 445 = 4*v. What is the units digit of v?
5
Suppose 0 = 5*z - 3*z - 10. Suppose -2*p = 2, 4*i = -0*i + z*p + 2513. What is the tens digit of i?
2
Let n be 15/2 + (-2)/(-12)*-3. Suppose 805 = 2*a - n*a. Let o = 306 + a. What is the hundreds digit of o?
1
Suppose 35*r = -4*a + 32*r + 29059, -r = -4*a + 29071. What is the units digit of a?
7
Let s = -585 - -409. Let p = 191 - s. What is the hundreds digit of p?
3
Suppose -2*l = -7*l + 10. Let p be -1 + l/(2/7)*-2. What is the tens digit of ((-18)/p)/(4/70)?
2
Suppose 0 = 3*g + 4*l - 5137, 217*g + 1708 = 218*g - 3*l. What is the tens digit of g?
1
Suppose 0 = 5*u + 10, -18*u = -2*t - 22*u + 346. Let a = t + -4. What is the units digit of a?
3
Suppose 475*i - 477*i = 992. Let c = -131 - i. What is the tens digit of c?
6
Let p(c) = 190*c + 860. What is the tens digit of p(82)?
4
Let n(r) = r**2 + 14*r. Let y(j) = 23*j - 5. Let d(v) = 6*v - 1. Let w(q) = 9*d(q) - 2*y(q). Let s be w(-2). What is the tens digit of n(s)?
1
Let h = -78 - -71. What is the hundreds digit of 23256/51 - h*1?
4
Suppose -423*v = -420*v + 4*u - 87592, 5*v = -u + 145947. What is the ten thousands digit of v?
2
Let j = 18266 - 11451. What is the tens digit of j?
1
Suppose -3*x - 25789 = 5*d - 78838, -70761 = -4*x + 3*d. Suppose 14*c = -19*c + x. What is the tens digit of c?
3
Let x(t) be the second derivative of -11*t**5/5 + t**4/3 + t**3/2 + t**2/2 - 29*t. What is the tens digit of x(-2)?
6
What is the thousands digit of 4 + (-84384)/4*(14 - 15)?
1
What is the tens digit of ((-282)/(-30) + -9)/(2/29260)?
5
Let i be -4